{"id":30029,"date":"2021-01-12T16:29:57","date_gmt":"2021-01-12T15:29:57","guid":{"rendered":"https:\/\/www.hoffa.ch\/?page_id=30029"},"modified":"2021-01-12T16:37:52","modified_gmt":"2021-01-12T15:37:52","slug":"gamme-hoffa-2","status":"publish","type":"page","link":"https:\/\/hoffa.ch\/?page_id=30029","title":{"rendered":"GAMME HOFFA"},"content":{"rendered":"\n\n\t<section class=\"section\" id=\"section_797936162\">\n\t\t<div class=\"section-bg fill\" >\n\t\t\t\t\t\t\t\t\t<div class=\"section-bg-overlay absolute fill\"><\/div>\n\t\t\t\n\t<div class=\"is-border\"\n\t\tstyle=\"border-width:1px 0px 1px 0px;\">\n\t<\/div>\n\n\t\t<\/div>\n\n\t\t\n\n\t\t<div class=\"section-content relative\">\n\t\t\t\n\n<div class=\"row row-large align-middle\"  id=\"row-153977425\">\n\n\n\t<div id=\"col-632531944\" class=\"col medium-6 small-12 large-6\"  >\n\t\t\t\t<div class=\"col-inner\"  >\n\t\t\t\n\t\t\t\n\n\t<div class=\"img has-hover x md-x lg-x y md-y lg-y\" id=\"image_823132167\">\n\t\t\t\t\t\t\t\t<div class=\"img-inner box-shadow-2 dark\" >\n\t\t\t<img loading=\"lazy\" decoding=\"async\" width=\"600\" height=\"800\" src=\"https:\/\/hoffa.ch\/wp-content\/uploads\/2020\/02\/IMG_3901-2-600x800.jpg\" class=\"attachment-large size-large\" alt=\"\" srcset=\"https:\/\/hoffa.ch\/wp-content\/uploads\/2020\/02\/IMG_3901-2-600x800.jpg 600w, https:\/\/hoffa.ch\/wp-content\/uploads\/2020\/02\/IMG_3901-2-510x680.jpg 510w, https:\/\/hoffa.ch\/wp-content\/uploads\/2020\/02\/IMG_3901-2-300x400.jpg 300w, https:\/\/hoffa.ch\/wp-content\/uploads\/2020\/02\/IMG_3901-2-768x1024.jpg 768w, https:\/\/hoffa.ch\/wp-content\/uploads\/2020\/02\/IMG_3901-2-1152x1536.jpg 1152w, https:\/\/hoffa.ch\/wp-content\/uploads\/2020\/02\/IMG_3901-2-1536x2048.jpg 1536w, https:\/\/hoffa.ch\/wp-content\/uploads\/2020\/02\/IMG_3901-2-scaled.jpg 1920w\" sizes=\"(max-width: 600px) 100vw, 600px\" \/>\t\t\t\t\t\t\n\t\t\t\t\t<\/div>\n\t\t\t\t\t\t\t\t\n<style>\n#image_823132167 {\n  width: 86%;\n}\n<\/style>\n\t<\/div>\n\t\n\n\n\t\t<\/div>\n\t\t\t\t\t<\/div>\n\n\t\n\n\t<div id=\"col-562476817\" class=\"col medium-6 small-12 large-6\"  >\n\t\t\t\t<div class=\"col-inner text-left\"  >\n\t\t\t\n\t\t\t\n\n<h2 class=\"uppercase\" style=\"text-align: center;\"><strong>LITTLE BAYWATCH<\/strong><\/h2>\n<h2 class=\"uppercase\" style=\"text-align: center;\"><strong>1LITRO<\/strong><\/h2>\n<h4 style=\"text-align: center;\">Bolsa 100% impermeable, nailon y pvc<\/h4>\n<h4 style=\"text-align: center;\">Ideal para la playa y la piscina para poner tus cosas adentro<\/h4>\n<h4 style=\"text-align: center;\">(llaves, dinero, tel\u00e9fono)<\/h4>\n<h4 style=\"text-align: center;\">B\u00e1\u00f1ese con seguridad!<\/h4>\n<p>&nbsp;<\/p>\n<p>&nbsp;<\/p>\n<a href=\"https:\/\/old.hoffa.ch\/product\/all-star-canvas-hi-converse\/\" target=\"_blank\" class=\"button primary expand\" rel=\"noopener\" style=\"border-radius:16px;\">\n\t\t<span>COMPRAR<\/span>\n\t<\/a>\n\n\n\n\t\t<\/div>\n\t\t\t\t\t<\/div>\n\n\t\n\n<\/div>\n\n\t\t<\/div>\n\n\t\t\n<style>\n#section_797936162 {\n  padding-top: 60px;\n  padding-bottom: 60px;\n  background-color: rgb(193, 193, 193);\n}\n#section_797936162 .section-bg-overlay {\n  background-color: rgba(255, 255, 255, 0.85);\n}\n<\/style>\n\t<\/section>\n\t\n\n\t<section class=\"section\" id=\"section_239429738\">\n\t\t<div class=\"section-bg fill\" >\n\t\t\t\t\t\t\t\t\t<div class=\"section-bg-overlay absolute fill\"><\/div>\n\t\t\t\n\n\t\t<\/div>\n\n\t\t\n\n\t\t<div class=\"section-content relative\">\n\t\t\t\n\n<div class=\"row row-large align-middle\"  id=\"row-951217521\">\n\n\n\t<div id=\"col-1443131784\" class=\"col medium-6 small-12 large-6\"  >\n\t\t\t\t<div class=\"col-inner text-left\"  >\n\t\t\t\n\t\t\t\n\n<h2 class=\"uppercase\" style=\"text-align: center;\"><strong>baywatch<\/strong><\/h2>\n<h2 class=\"uppercase\" style=\"text-align: center;\"><strong>28 litrOS<\/strong><\/h2>\n<h4 style=\"text-align: center;\">Bolsa 100% impermeable, Nylon y PVC<\/h4>\n<h4 style=\"text-align: center;\">Ideal para todos los deportes acu\u00e1ticos<\/h4>\n<h4 style=\"text-align: center;\">Pon todas tus cosas<\/h4>\n<h4 style=\"text-align: center;\">adentro y b\u00e1\u00f1ate con ella<\/h4>\n<p>&nbsp;<\/p>\n<p>&nbsp;<\/p>\n<a href=\"https:\/\/old.hoffa.ch\/product\/osaka-entry-tee-superdry\/\" target=\"_blank\" class=\"button primary expand\" rel=\"noopener\" style=\"border-radius:16px;\">\n\t\t<span>COMPRAR<\/span>\n\t<\/a>\n\n\n\n\t\t<\/div>\n\t\t\t\t\t<\/div>\n\n\t\n\n\t<div id=\"col-811997849\" class=\"col medium-6 small-12 large-6\"  >\n\t\t\t\t<div class=\"col-inner\"  >\n\t\t\t\n\t\t\t\n\n\t<div class=\"img has-hover x md-x lg-x y md-y lg-y\" id=\"image_1626312437\">\n\t\t\t\t\t\t\t\t<div class=\"img-inner box-shadow-2 dark\" >\n\t\t\t<img loading=\"lazy\" decoding=\"async\" width=\"360\" height=\"480\" src=\"https:\/\/hoffa.ch\/wp-content\/uploads\/2020\/02\/HOFFAVAC3.jpg\" class=\"attachment-large size-large\" alt=\"\" srcset=\"https:\/\/hoffa.ch\/wp-content\/uploads\/2020\/02\/HOFFAVAC3.jpg 360w, https:\/\/hoffa.ch\/wp-content\/uploads\/2020\/02\/HOFFAVAC3-300x400.jpg 300w\" sizes=\"(max-width: 360px) 100vw, 360px\" \/>\t\t\t\t\t\t\n\t\t\t\t\t<\/div>\n\t\t\t\t\t\t\t\t\n<style>\n#image_1626312437 {\n  width: 96%;\n}\n<\/style>\n\t<\/div>\n\t\n\n\n\t\t<\/div>\n\t\t\t\t\t<\/div>\n\n\t\n\n<\/div>\n\n\t\t<\/div>\n\n\t\t\n<style>\n#section_239429738 {\n  padding-top: 60px;\n  padding-bottom: 60px;\n  background-color: rgb(255, 255, 255);\n}\n#section_239429738 .section-bg-overlay {\n  background-color: rgba(255, 255, 255, 0.85);\n}\n<\/style>\n\t<\/section>\n\t\n\n\t<section class=\"section\" id=\"section_397583\">\n\t\t<div class=\"section-bg fill\" >\n\t\t\t\t\t\t\t\t\t<div class=\"section-bg-overlay absolute fill\"><\/div>\n\t\t\t\n\t<div class=\"is-border\"\n\t\tstyle=\"border-width:1px 0px 1px 0px;\">\n\t<\/div>\n\n\t\t<\/div>\n\n\t\t\n\n\t\t<div class=\"section-content relative\">\n\t\t\t\n\n<div class=\"row row-large align-middle\"  id=\"row-2119643728\">\n\n\n\t<div id=\"col-782794319\" class=\"col medium-6 small-12 large-6\"  >\n\t\t\t\t<div class=\"col-inner\"  >\n\t\t\t\n\t\t\t\n\n\t<div class=\"img has-hover x md-x lg-x y md-y lg-y\" id=\"image_556758256\">\n\t\t\t\t\t\t\t\t<div class=\"img-inner box-shadow-2 dark\" >\n\t\t\t<img loading=\"lazy\" decoding=\"async\" width=\"394\" height=\"562\" src=\"https:\/\/hoffa.ch\/wp-content\/uploads\/2020\/02\/h4pro-v\u00e9lo.jpg\" class=\"attachment-large size-large\" alt=\"\" srcset=\"https:\/\/hoffa.ch\/wp-content\/uploads\/2020\/02\/h4pro-v\u00e9lo.jpg 394w, https:\/\/hoffa.ch\/wp-content\/uploads\/2020\/02\/h4pro-v\u00e9lo-280x400.jpg 280w\" sizes=\"(max-width: 394px) 100vw, 394px\" \/>\t\t\t\t\t\t\n\t\t\t\t\t<\/div>\n\t\t\t\t\t\t\t\t\n<style>\n#image_556758256 {\n  width: 100%;\n}\n<\/style>\n\t<\/div>\n\t\n\n\n\t\t<\/div>\n\t\t\t\t\t<\/div>\n\n\t\n\n\t<div id=\"col-1148495244\" class=\"col medium-6 small-12 large-6\"  >\n\t\t\t\t<div class=\"col-inner text-left\"  >\n\t\t\t\n\t\t\t\n\n<h2 class=\"uppercase\" style=\"text-align: center;\">h4pro<\/h2>\n<h5 style=\"text-align: center;\">La bolsa H4pro es una mochila con protector de espalda con airbag.<\/h5>\n<h5 style=\"text-align: center;\">Est\u00e1 dise\u00f1ado para proteger y amortiguar los golpes en la espalda.<\/h5>\n<h5 style=\"text-align: center;\">Pon tus cosas adentro.<\/h5>\n<h5 style=\"text-align: center;\">Una vez inflado con la v\u00e1lvula en el lateral, se convertir\u00e1 en una protecci\u00f3n m\u00e1s eficaz que la protecci\u00f3n de la motocicleta.<\/h5>\n<p>&nbsp;<\/p>\n<p style=\"text-align: center;\">&nbsp;<\/p>\n<a href=\"https:\/\/old.hoffa.ch\/product\/fluro-big-pullover-designers-remix\/\" target=\"_blank\" class=\"button primary expand\" rel=\"noopener\" style=\"border-radius:16px;\">\n\t\t<span>COMPRAR<\/span>\n\t<\/a>\n\n\n\n\t\t<\/div>\n\t\t\t\t\t<\/div>\n\n\t\n\n<\/div>\n\n\t\t<\/div>\n\n\t\t\n<style>\n#section_397583 {\n  padding-top: 60px;\n  padding-bottom: 60px;\n  background-color: rgb(193, 193, 193);\n}\n#section_397583 .section-bg-overlay {\n  background-color: rgba(255, 255, 255, 0.85);\n}\n<\/style>\n\t<\/section>\n\t\n\n\t<section class=\"section\" id=\"section_346873392\">\n\t\t<div class=\"section-bg fill\" >\n\t\t\t\t\t\t\t\t\t<div class=\"section-bg-overlay absolute fill\"><\/div>\n\t\t\t\n\n\t\t<\/div>\n\n\t\t\n\n\t\t<div class=\"section-content relative\">\n\t\t\t\n\n<div class=\"row row-large align-middle\"  id=\"row-951771601\">\n\n\n\t<div id=\"col-889771866\" class=\"col medium-6 small-12 large-6\"  >\n\t\t\t\t<div class=\"col-inner text-left\"  >\n\t\t\t\n\t\t\t\n\n<h2 class=\"uppercase\" style=\"text-align: center;\"><strong>botella de agua h4pro<\/strong><\/h2>\n<h4 style=\"text-align: center;\"><strong>Botella de agua de silicona plegable de 600 ml<\/strong><\/h4>\n<h4 style=\"text-align: center;\"><strong>No ocupa espacio, ideal y f\u00e1cil de transportar<\/strong><\/h4>\n<p>&nbsp;<\/p>\n<p>&nbsp;<\/p>\n<a href=\"https:\/\/old.hoffa.ch\/product\/varanise-cn-tee-hilfiger-denim\/\" target=\"_blank\" class=\"button primary expand\" rel=\"noopener\" style=\"border-radius:16px;\">\n\t\t<span>COMPRAR<\/span>\n\t<\/a>\n\n\n\n\t\t<\/div>\n\t\t\t\t\t<\/div>\n\n\t\n\n\t<div id=\"col-1443517371\" class=\"col medium-6 small-12 large-6\"  >\n\t\t\t\t<div class=\"col-inner\"  >\n\t\t\t\n\t\t\t\n\n\t<div class=\"img has-hover x md-x lg-x y md-y lg-y\" id=\"image_1731705345\">\n\t\t\t\t\t\t\t\t<div class=\"img-inner box-shadow-2 dark\" >\n\t\t\t<img loading=\"lazy\" decoding=\"async\" width=\"598\" height=\"800\" src=\"https:\/\/hoffa.ch\/wp-content\/uploads\/2020\/02\/gourde-H4pro-598x800.png\" class=\"attachment-large size-large\" alt=\"\" srcset=\"https:\/\/hoffa.ch\/wp-content\/uploads\/2020\/02\/gourde-H4pro-598x800.png 598w, https:\/\/hoffa.ch\/wp-content\/uploads\/2020\/02\/gourde-H4pro-510x682.png 510w, https:\/\/hoffa.ch\/wp-content\/uploads\/2020\/02\/gourde-H4pro-299x400.png 299w, https:\/\/hoffa.ch\/wp-content\/uploads\/2020\/02\/gourde-H4pro-768x1028.png 768w, https:\/\/hoffa.ch\/wp-content\/uploads\/2020\/02\/gourde-H4pro.png 846w\" sizes=\"(max-width: 598px) 100vw, 598px\" \/>\t\t\t\t\t\t\n\t\t\t\t\t<\/div>\n\t\t\t\t\t\t\t\t\n<style>\n#image_1731705345 {\n  width: 80%;\n}\n<\/style>\n\t<\/div>\n\t\n\n\n\t\t<\/div>\n\t\t\t\t\t<\/div>\n\n\t\n\n<\/div>\n\n\t\t<\/div>\n\n\t\t\n<style>\n#section_346873392 {\n  padding-top: 60px;\n  padding-bottom: 60px;\n  background-color: rgb(255, 255, 255);\n}\n#section_346873392 .section-bg-overlay {\n  background-color: rgba(255, 255, 255, 0.85);\n}\n<\/style>\n\t<\/section>\n\t\n\n\t<section class=\"section\" id=\"section_1786913616\">\n\t\t<div class=\"section-bg fill\" >\n\t\t\t\t\t\t\t\t\t<div class=\"section-bg-overlay absolute fill\"><\/div>\n\t\t\t\n\t<div class=\"is-border\"\n\t\tstyle=\"border-width:1px 0px 1px 0px;\">\n\t<\/div>\n\n\t\t<\/div>\n\n\t\t\n\n\t\t<div class=\"section-content relative\">\n\t\t\t\n\n<div class=\"row row-large align-middle\"  id=\"row-938069777\">\n\n\n\t<div id=\"col-50086877\" class=\"col medium-6 small-12 large-6\"  >\n\t\t\t\t<div class=\"col-inner\"  >\n\t\t\t\n\t\t\t\n\n\t<div class=\"img has-hover x md-x lg-x y md-y lg-y\" id=\"image_2077621706\">\n\t\t\t\t\t\t\t\t<div class=\"img-inner box-shadow-2 dark\" >\n\t\t\t<img loading=\"lazy\" decoding=\"async\" width=\"600\" height=\"800\" src=\"https:\/\/hoffa.ch\/wp-content\/uploads\/2020\/02\/image00002.jpeg\" class=\"attachment-large size-large\" alt=\"\" \/>\t\t\t\t\t\t\n\t\t\t\t\t<\/div>\n\t\t\t\t\t\t\t\t\n<style>\n#image_2077621706 {\n  width: 86%;\n}\n<\/style>\n\t<\/div>\n\t\n\n\n\t\t<\/div>\n\t\t\t\t\t<\/div>\n\n\t\n\n\t<div id=\"col-601269526\" class=\"col medium-6 small-12 large-6\"  >\n\t\t\t\t<div class=\"col-inner text-left\"  >\n\t\t\t\n\t\t\t\n\n<h2 class=\"uppercase\" style=\"text-align: center;\"><strong>detroit 1940<\/strong><\/h2>\n<h4 style=\"text-align: center;\">Mochila.<\/h4>\n<h4 style=\"text-align: center;\">40L de capacidad<\/h4>\n<h4 style=\"text-align: center;\">Altura 55cm<br>Ancho 40cm<br>Profundidad 25cm<\/h4>\n<h4 style=\"text-align: center;\">Bolsillo lateral para documentos y accesorios.<\/h4>\n<p>&nbsp;<\/p>\n<p>&nbsp;<\/p>\n<a href=\"https:\/\/old.hoffa.ch\/product\/weekend-in-san-fransico\/\" target=\"_blank\" class=\"button primary expand\" rel=\"noopener\" style=\"border-radius:16px;\">\n\t\t<span>COMPRAR<\/span>\n\t<\/a>\n\n\n\n\t\t<\/div>\n\t\t\t\t\t<\/div>\n\n\t\n\n<\/div>\n\n\t\t<\/div>\n\n\t\t\n<style>\n#section_1786913616 {\n  padding-top: 60px;\n  padding-bottom: 60px;\n  background-color: rgb(193, 193, 193);\n}\n#section_1786913616 .section-bg-overlay {\n  background-color: rgba(255, 255, 255, 0.85);\n}\n<\/style>\n\t<\/section>\n\t\n\n\t<section class=\"section\" id=\"section_2081601691\">\n\t\t<div class=\"section-bg fill\" >\n\t\t\t\t\t\t\t\t\t<div class=\"section-bg-overlay absolute fill\"><\/div>\n\t\t\t\n\n\t\t<\/div>\n\n\t\t\n\n\t\t<div class=\"section-content relative\">\n\t\t\t\n\n<div class=\"row row-large align-middle\"  id=\"row-1247952314\">\n\n\n\t<div id=\"col-27210638\" class=\"col medium-6 small-12 large-6\"  >\n\t\t\t\t<div class=\"col-inner text-left\"  >\n\t\t\t\n\t\t\t\n\n<h2 class=\"uppercase\" style=\"text-align: center;\"><strong>detroit 1935<\/strong><\/h2>\n<h4 style=\"text-align: center;\"><strong>Mochila y bandolera<\/strong><\/h4>\n<h4 style=\"text-align: center;\"><strong>Capacidad 35 litros<\/strong><\/h4>\n<h4 style=\"text-align: center;\"><strong>Longitud 40 cm<\/strong><br><strong>Altura 45 cm<\/strong><br><strong>Profundidad 24 cm<\/strong><\/h4>\n<h4 style=\"text-align: center;\"><strong>PVC impermeable,<\/strong><\/h4>\n<p>&nbsp;<\/p>\n<p>&nbsp;<\/p>\n<a href=\"https:\/\/old.hoffa.ch\/product\/lucy-slim-jeans-nok-379-noisy-may\/\" target=\"_blank\" class=\"button primary expand\" rel=\"noopener\" style=\"border-radius:16px;\">\n\t\t<span>COMPRAR<\/span>\n\t<\/a>\n\n\n\n\t\t<\/div>\n\t\t\t\t\t<\/div>\n\n\t\n\n\t<div id=\"col-1314239900\" class=\"col medium-6 small-12 large-6\"  >\n\t\t\t\t<div class=\"col-inner\"  >\n\t\t\t\n\t\t\t\n\n\t<div class=\"img has-hover x md-x lg-x y md-y lg-y\" id=\"image_1973708789\">\n\t\t\t\t\t\t\t\t<div class=\"img-inner box-shadow-2 dark\" >\n\t\t\t<img loading=\"lazy\" decoding=\"async\" width=\"858\" height=\"800\" src=\"https:\/\/hoffa.ch\/wp-content\/uploads\/2020\/02\/spray-1-858x800.png\" class=\"attachment-large size-large\" alt=\"\" srcset=\"https:\/\/hoffa.ch\/wp-content\/uploads\/2020\/02\/spray-1-858x800.png 858w, https:\/\/hoffa.ch\/wp-content\/uploads\/2020\/02\/spray-1-510x476.png 510w, https:\/\/hoffa.ch\/wp-content\/uploads\/2020\/02\/spray-1-429x400.png 429w, https:\/\/hoffa.ch\/wp-content\/uploads\/2020\/02\/spray-1-768x716.png 768w, https:\/\/hoffa.ch\/wp-content\/uploads\/2020\/02\/spray-1-1536x1432.png 1536w, https:\/\/hoffa.ch\/wp-content\/uploads\/2020\/02\/spray-1.png 1688w\" sizes=\"(max-width: 858px) 100vw, 858px\" \/>\t\t\t\t\t\t\n\t\t\t\t\t<\/div>\n\t\t\t\t\t\t\t\t\n<style>\n#image_1973708789 {\n  width: 91%;\n}\n<\/style>\n\t<\/div>\n\t\n\n\n\t\t<\/div>\n\t\t\t\t\t<\/div>\n\n\t\n\n<\/div>\n\n\t\t<\/div>\n\n\t\t\n<style>\n#section_2081601691 {\n  padding-top: 60px;\n  padding-bottom: 60px;\n  background-color: rgb(255, 255, 255);\n}\n#section_2081601691 .section-bg-overlay {\n  background-color: rgba(255, 255, 255, 0.85);\n}\n<\/style>\n\t<\/section>\n\t\n\n\t<section class=\"section\" id=\"section_298115144\">\n\t\t<div class=\"section-bg fill\" >\n\t\t\t\t\t\t\t\t\t<div class=\"section-bg-overlay absolute fill\"><\/div>\n\t\t\t\n\t<div class=\"is-border\"\n\t\tstyle=\"border-width:1px 0px 1px 0px;\">\n\t<\/div>\n\n\t\t<\/div>\n\n\t\t\n\n\t\t<div class=\"section-content relative\">\n\t\t\t\n\n<div class=\"row row-large align-middle\"  id=\"row-2046033687\">\n\n\n\t<div id=\"col-2089407865\" class=\"col medium-6 small-12 large-6\"  >\n\t\t\t\t<div class=\"col-inner\"  >\n\t\t\t\n\t\t\t\n\n\t<div class=\"img has-hover x md-x lg-x y md-y lg-y\" id=\"image_946094871\">\n\t\t\t\t\t\t\t\t<div class=\"img-inner box-shadow-2 dark\" >\n\t\t\t<img loading=\"lazy\" decoding=\"async\" width=\"601\" height=\"800\" src=\"https:\/\/hoffa.ch\/wp-content\/uploads\/2020\/02\/IMG_0200.jpg\" class=\"attachment-large size-large\" alt=\"\" \/>\t\t\t\t\t\t\n\t\t\t\t\t<\/div>\n\t\t\t\t\t\t\t\t\n<style>\n#image_946094871 {\n  width: 86%;\n}\n<\/style>\n\t<\/div>\n\t\n\n\n\t\t<\/div>\n\t\t\t\t\t<\/div>\n\n\t\n\n\t<div id=\"col-1804988615\" class=\"col medium-6 small-12 large-6\"  >\n\t\t\t\t<div class=\"col-inner text-left\"  >\n\t\t\t\n\t\t\t\n\n<h2 class=\"uppercase\" style=\"text-align: center;\"><strong>machus red fox<\/strong><\/h2>\n<h4 style=\"text-align: center;\"><strong>&nbsp;2 colores:<\/strong><br><strong>Negro y Rojo<\/strong><\/h4>\n<h4 style=\"text-align: center;\"><strong>46 litros de capacidad<\/strong><\/h4>\n<h4 style=\"text-align: center;\"><strong>Largo 85cm<\/strong><br><strong>Ancho 30cm<\/strong><br><strong>Altura 55cm<\/strong><\/h4>\n<h4 style=\"text-align: center;\"><strong>1, 2 kg muy resistente en pvc con una correa que permite el mantenimiento y la seguridad de sus efectos<\/strong><\/h4>\n<p>&nbsp;<\/p>\n<a href=\"https:\/\/old.hoffa.ch\/shop\/\" target=\"_blank\" class=\"button primary expand\" rel=\"noopener\" style=\"border-radius:16px;\">\n\t\t<span>COMPRAR<\/span>\n\t<\/a>\n\n\n\n\t\t<\/div>\n\t\t\t\t\t<\/div>\n\n\t\n\n<\/div>\n\n\t\t<\/div>\n\n\t\t\n<style>\n#section_298115144 {\n  padding-top: 60px;\n  padding-bottom: 60px;\n  background-color: rgb(193, 193, 193);\n}\n#section_298115144 .section-bg-overlay {\n  background-color: rgba(255, 255, 255, 0.85);\n}\n<\/style>\n\t<\/section>\n\t\n\n\t<section class=\"section\" id=\"section_1587875896\">\n\t\t<div class=\"section-bg fill\" >\n\t\t\t\t\t\t\t\t\t<div class=\"section-bg-overlay absolute fill\"><\/div>\n\t\t\t\n\n\t\t<\/div>\n\n\t\t\n\n\t\t<div class=\"section-content relative\">\n\t\t\t\n\n<div class=\"row row-large align-middle\"  id=\"row-1131722687\">\n\n\n\t<div id=\"col-434802979\" class=\"col medium-6 small-12 large-6\"  >\n\t\t\t\t<div class=\"col-inner text-left\"  >\n\t\t\t\n\t\t\t\n\n<h2 class=\"uppercase\" style=\"text-align: center;\"><strong>teamster<\/strong><\/h2>\n<h4 style=\"text-align: center;\"><strong>Ideal para tus viajes de 3 a 4 d\u00edas<\/strong><\/h4>\n<h4 style=\"text-align: center;\"><strong>Cuero de b\u00fafalo<\/strong><\/h4>\n<h4 style=\"text-align: center;\"><strong>Longitud 45 cm<\/strong><br><strong>Ancho 30 cm<\/strong><br><strong>Altura 30cm<\/strong><\/h4>\n<p>&nbsp;<\/p>\n<p>&nbsp;<\/p>\n<a href=\"https:\/\/old.hoffa.ch\/product\/bjorn-tee-ss-jack-jones\/\" target=\"_blank\" class=\"button primary expand\" rel=\"noopener\" style=\"border-radius:16px;\">\n\t\t<span>COMPRAR<\/span>\n\t<\/a>\n\n\n\n\t\t<\/div>\n\t\t\t\t\t<\/div>\n\n\t\n\n\t<div id=\"col-1679738552\" class=\"col medium-6 small-12 large-6\"  >\n\t\t\t\t<div class=\"col-inner\"  >\n\t\t\t\n\t\t\t\n\n\t<div class=\"img has-hover x md-x lg-x y md-y lg-y\" id=\"image_648188343\">\n\t\t\t\t\t\t\t\t<div class=\"img-inner box-shadow-2 dark\" >\n\t\t\t<img loading=\"lazy\" decoding=\"async\" width=\"600\" height=\"800\" src=\"https:\/\/hoffa.ch\/wp-content\/uploads\/2020\/02\/image00006-600x800.jpeg\" class=\"attachment-large size-large\" alt=\"\" srcset=\"https:\/\/hoffa.ch\/wp-content\/uploads\/2020\/02\/image00006-600x800.jpeg 600w, https:\/\/hoffa.ch\/wp-content\/uploads\/2020\/02\/image00006-510x680.jpeg 510w, https:\/\/hoffa.ch\/wp-content\/uploads\/2020\/02\/image00006-300x400.jpeg 300w, https:\/\/hoffa.ch\/wp-content\/uploads\/2020\/02\/image00006-768x1024.jpeg 768w, https:\/\/hoffa.ch\/wp-content\/uploads\/2020\/02\/image00006-1152x1536.jpeg 1152w, https:\/\/hoffa.ch\/wp-content\/uploads\/2020\/02\/image00006.jpeg 1537w\" sizes=\"(max-width: 600px) 100vw, 600px\" \/>\t\t\t\t\t\t\n\t\t\t\t\t<\/div>\n\t\t\t\t\t\t\t\t\n<style>\n#image_648188343 {\n  width: 92%;\n}\n<\/style>\n\t<\/div>\n\t\n\n\n\t\t<\/div>\n\t\t\t\t\t<\/div>\n\n\t\n\n<\/div>\n\n\t\t<\/div>\n\n\t\t\n<style>\n#section_1587875896 {\n  padding-top: 60px;\n  padding-bottom: 60px;\n  background-color: rgb(255, 255, 255);\n}\n#section_1587875896 .section-bg-overlay {\n  background-color: rgba(255, 255, 255, 0.85);\n}\n<\/style>\n\t<\/section>\n\t\n\n\t<section class=\"section\" id=\"section_1465936720\">\n\t\t<div class=\"section-bg fill\" >\n\t\t\t\t\t\t\t\t\t<div class=\"section-bg-overlay absolute fill\"><\/div>\n\t\t\t\n\t<div class=\"is-border\"\n\t\tstyle=\"border-width:1px 0px 1px 0px;\">\n\t<\/div>\n\n\t\t<\/div>\n\n\t\t\n\n\t\t<div class=\"section-content relative\">\n\t\t\t\n\n<div class=\"row row-large align-middle\"  id=\"row-876243731\">\n\n\n\t<div id=\"col-1438017407\" class=\"col medium-6 small-12 large-6\"  >\n\t\t\t\t<div class=\"col-inner\"  >\n\t\t\t\n\t\t\t\n\n\t<div class=\"img has-hover x md-x lg-x y md-y lg-y\" id=\"image_1031182794\">\n\t\t\t\t\t\t\t\t<div class=\"img-inner box-shadow-2 dark\" >\n\t\t\t<img loading=\"lazy\" decoding=\"async\" width=\"480\" height=\"640\" src=\"https:\/\/hoffa.ch\/wp-content\/uploads\/2020\/02\/barbare1-rotated.jpg\" class=\"attachment-large size-large\" alt=\"\" \/>\t\t\t\t\t\t\n\t\t\t\t\t<\/div>\n\t\t\t\t\t\t\t\t\n<style>\n#image_1031182794 {\n  width: 100%;\n}\n<\/style>\n\t<\/div>\n\t\n\n\n\t\t<\/div>\n\t\t\t\t\t<\/div>\n\n\t\n\n\t<div id=\"col-1998957051\" class=\"col medium-6 small-12 large-6\"  >\n\t\t\t\t<div class=\"col-inner text-left\"  >\n\t\t\t\n\t\t\t\n\n<h2 class=\"uppercase\" style=\"text-align: center;\"><strong>ventury<\/strong><\/h2>\n<h4 style=\"text-align: center;\"><strong>El ideal para tus viajes<\/strong><\/h4>\n<h4 style=\"text-align: center;\"><strong>Cuero de b\u00fafalo<\/strong><\/h4>\n<h4 style=\"text-align: center;\"><strong>Longitud: 85 cm<\/strong><br><strong>Ancho: 30cm<\/strong><br><strong>Altura: 30cm<\/strong><\/h4>\n<p>&nbsp;<\/p>\n<p>&nbsp;<\/p>\n<a href=\"https:\/\/old.hoffa.ch\/product\/lawrance-polo-tee-jack-jones\/\" target=\"_blank\" class=\"button primary expand\" rel=\"noopener\" style=\"border-radius:16px;\">\n\t\t<span>COMPRAR<\/span>\n\t<\/a>\n\n\n\n\t\t<\/div>\n\t\t\t\t\t<\/div>\n\n\t\n\n<\/div>\n\n\t\t<\/div>\n\n\t\t\n<style>\n#section_1465936720 {\n  padding-top: 60px;\n  padding-bottom: 60px;\n  background-color: rgb(193, 193, 193);\n}\n#section_1465936720 .section-bg-overlay {\n  background-color: rgba(255, 255, 255, 0.85);\n}\n<\/style>\n\t<\/section>\n\t\n\n\t<section class=\"section\" id=\"section_1526234651\">\n\t\t<div class=\"section-bg fill\" >\n\t\t\t\t\t\t\t\t\t<div class=\"section-bg-overlay absolute fill\"><\/div>\n\t\t\t\n\n\t\t<\/div>\n\n\t\t\n\n\t\t<div class=\"section-content relative\">\n\t\t\t\n\n<div class=\"row row-large align-middle\"  id=\"row-1924684183\">\n\n\n\t<div id=\"col-2067438650\" class=\"col medium-6 small-12 large-6\"  >\n\t\t\t\t<div class=\"col-inner text-left\"  >\n\t\t\t\n\t\t\t\n\n<h2 class=\"uppercase\" style=\"text-align: center;\"><strong>tony giacalone<\/strong><\/h2>\n<h4 style=\"text-align: center;\">El ideal para tus viajes<\/h4>\n<h4 style=\"text-align: center;\">Cuero de b\u00fafalo<\/h4>\n<h4 style=\"text-align: center;\">Longitud: 85 cm<br>Ancho: 30cm<br>Altura: 30cm<\/h4>\n<p>&nbsp;<\/p>\n<p>&nbsp;<\/p>\n<a href=\"https:\/\/old.hoffa.ch\/demos\/business-demos\/simple-corporate\/\" target=\"_blank\" class=\"button primary expand\" rel=\"noopener\" style=\"border-radius:16px;\">\n\t\t<span>COMPRAR<\/span>\n\t<\/a>\n\n\n\n\t\t<\/div>\n\t\t\t\t\t<\/div>\n\n\t\n\n\t<div id=\"col-858350820\" class=\"col medium-6 small-12 large-6\"  >\n\t\t\t\t<div class=\"col-inner\"  >\n\t\t\t\n\t\t\t\n\n\t<div class=\"img has-hover x md-x lg-x y md-y lg-y\" id=\"image_455990350\">\n\t\t\t\t\t\t\t\t<div class=\"img-inner box-shadow-2 dark\" >\n\t\t\t<img loading=\"lazy\" decoding=\"async\" width=\"458\" height=\"800\" src=\"https:\/\/hoffa.ch\/wp-content\/uploads\/2020\/02\/Hoffa-Tony-Giacalone-458x800.png\" class=\"attachment-large size-large\" alt=\"\" srcset=\"https:\/\/hoffa.ch\/wp-content\/uploads\/2020\/02\/Hoffa-Tony-Giacalone-458x800.png 458w, https:\/\/hoffa.ch\/wp-content\/uploads\/2020\/02\/Hoffa-Tony-Giacalone-510x890.png 510w, https:\/\/hoffa.ch\/wp-content\/uploads\/2020\/02\/Hoffa-Tony-Giacalone-229x400.png 229w, https:\/\/hoffa.ch\/wp-content\/uploads\/2020\/02\/Hoffa-Tony-Giacalone-768x1340.png 768w, https:\/\/hoffa.ch\/wp-content\/uploads\/2020\/02\/Hoffa-Tony-Giacalone.png 776w\" sizes=\"(max-width: 458px) 100vw, 458px\" \/>\t\t\t\t\t\t\n\t\t\t\t\t<\/div>\n\t\t\t\t\t\t\t\t\n<style>\n#image_455990350 {\n  width: 70%;\n}\n<\/style>\n\t<\/div>\n\t\n\n\n\t\t<\/div>\n\t\t\t\t\t<\/div>\n\n\t\n\n<\/div>\n\n\t\t<\/div>\n\n\t\t\n<style>\n#section_1526234651 {\n  padding-top: 60px;\n  padding-bottom: 60px;\n  background-color: rgb(255, 255, 255);\n}\n#section_1526234651 .section-bg-overlay {\n  background-color: rgba(255, 255, 255, 0.85);\n}\n<\/style>\n\t<\/section>\n\t\n","protected":false},"excerpt":{"rendered":"","protected":false},"author":1,"featured_media":28846,"parent":0,"menu_order":1,"comment_status":"closed","ping_status":"closed","template":"page-blank.php","meta":{"_et_pb_use_builder":"","_et_pb_old_content":"","_et_gb_content_width":"","footnotes":""},"class_list":["post-30029","page","type-page","status-publish","has-post-thumbnail","hentry"],"_links":{"self":[{"href":"https:\/\/hoffa.ch\/index.php?rest_route=\/wp\/v2\/pages\/30029","targetHints":{"allow":["GET"]}}],"collection":[{"href":"https:\/\/hoffa.ch\/index.php?rest_route=\/wp\/v2\/pages"}],"about":[{"href":"https:\/\/hoffa.ch\/index.php?rest_route=\/wp\/v2\/types\/page"}],"author":[{"embeddable":true,"href":"https:\/\/hoffa.ch\/index.php?rest_route=\/wp\/v2\/users\/1"}],"replies":[{"embeddable":true,"href":"https:\/\/hoffa.ch\/index.php?rest_route=%2Fwp%2Fv2%2Fcomments&post=30029"}],"version-history":[{"count":5,"href":"https:\/\/hoffa.ch\/index.php?rest_route=\/wp\/v2\/pages\/30029\/revisions"}],"predecessor-version":[{"id":30034,"href":"https:\/\/hoffa.ch\/index.php?rest_route=\/wp\/v2\/pages\/30029\/revisions\/30034"}],"wp:featuredmedia":[{"embeddable":true,"href":"https:\/\/hoffa.ch\/index.php?rest_route=\/wp\/v2\/media\/28846"}],"wp:attachment":[{"href":"https:\/\/hoffa.ch\/index.php?rest_route=%2Fwp%2Fv2%2Fmedia&parent=30029"}],"curies":[{"name":"wp","href":"https:\/\/api.w.org\/{rel}","templated":true}]}}